- h = -64, -3*y - 5*h + 103 = 0. Let x = 0 - -3. Suppose -4*a = -t - 12 - y, -x*t = -a + 19. Calculate the remainder when 19 is divided by a.
9
Let z(i) = i + 6. Let w be z(-6). Suppose 0 = -t - w*t - b + 8, -2*b - 2 = 0. What is the remainder when 33 is divided by t?
6
Suppose 0 = -3*j + 8 + 37. Let c = 20 - -57. Suppose 2*a = -2*b + 64, -c = -3*b + 3*a - 11. What is the remainder when b is divided by j?
12
Let s = -28 - -44. Suppose 0 = -5*v + v + s, -5*a + 76 = -v. Let u = a + 1. What is the remainder when u is divided by 9?
8
Suppose -o - 5*n + 38 = -5, 3*n - 51 = -2*o. Calculate the remainder when o is divided by 10.
8
Let i = 19 - -2. Let a(x) = x. Let l be a(10). Suppose -55 = 5*g - l*g. Calculate the remainder when i is divided by g.
10
Let k = -29 - -32. Let i(b) = -3*b - 5. What is the remainder when i(-5) is divided by k?
1
Suppose 4*n - n = 0. Suppose -h + 5*h - 5*y - 35 = n, 0 = -h - 4*y + 14. Calculate the remainder when h is divided by 4.
2
Let d(p) = p - 9. Let a be d(17). Let c = a - 4. Calculate the remainder when (2 - 11/(-1)) + 0 is divided by c.
1
Let a = 22 - 4. Let k = a + -11. Suppose -y - 60 = -3*t - 4*y, 5*y = 5. What is the remainder when t is divided by k?
5
Suppose -s = -1 - 5. Calculate the remainder when 21 is divided by s.
3
Let m = -11 + 19. Suppose 4*u - 32 = -4*s, 3*u - 7*u + 4*s = -m. Calculate the remainder when 18 is divided by u.
3
Suppose 5*k = 4*x + 164, -2*x = k - x - 31. Calculate the remainder when k is divided by 7.
4
Let v(y) = -y**3 - 5*y**2 + 3*y + 3. Let q be v(-6). Suppose -q = 5*i - 176. Calculate the remainder when i is divided by 11.
9
Let h(x) = 6*x - 61. What is the remainder when h(16) is divided by 22?
13
Suppose z - 1 = 6. Calculate the remainder when 13 is divided by z.
6
Let o be 2/11 - (-10)/(-55). Suppose 4*j + 10 = -0*q - 3*q, -3*j = -4*q - 5. Calculate the remainder when (-1)/(j + o + 0) is divided by 1.
0
Let y(n) = 7*n - 32. What is the remainder when y(17) is divided by 18?
15
Let z = 50 - 18. Let v be 32/18 - (-2)/9. Suppose -3*k = -5*f - v*k + 90, 66 = 3*f - 3*k. Calculate the remainder when z is divided by f.
15
Let w = 0 + 0. Suppose 3*c - 229 - 56 = w. Suppose 2*v - c - 38 = 3*f, 0 = 4*v + 4*f - 216. Calculate the remainder when v is divided by 20.
19
Suppose 22 = -4*p + 5*p. Let n(j) = -j**2 + 3*j + 2. Let b be n(-2). Let s = b + 20. Calculate the remainder when p is divided by s.
10
Suppose -32 = -4*m - 3*x, 5*m + 3*x = 5 + 38. Let b = -25 - -44. Calculate the remainder when b is divided by m.
8
Suppose 2*o = 6*o. Suppose o = 5*n - 5*m + 10, 4*m - 20 = -2*n. Suppose 4 = -2*t - 5*g, -2*g = -2*t + 10 - 0. Calculate the remainder when t is divided by n.
1
Let p(v) = 24*v + 1. Let a be p(1). Let t = a + -9. Calculate the remainder when 31 is divided by t.
15
Suppose 7*f + 624 = 15*f. Calculate the remainder when f is divided by 8.
6
Let o = 91 + -44. Calculate the remainder when o is divided by 10.
7
Let i = 50 + -35. Calculate the remainder when (-3 - (-19)/5)*35 is divided by i.
13
Suppose -3*j + 9 = 3. Suppose -j*i + 63 = i. Suppose -i = t - 2*t. Calculate the remainder when t is divided by 11.
10
Suppose -2*n + 3*p - 38 = -4*n, -2*n + 38 = -4*p. What is the remainder when n is divided by 11?
8
What is the remainder when 18 is divided by ((-2)/(-2))/(-3)*-30?
8
What is the remainder when 45 is divided by ((-24)/(-5))/(10/25)?
9
Let h = 6 + 0. Suppose -2*u - h = 0, 0*x = x + 4*u - 10. Suppose 3*v - 121 = 5*f, 5*v = -0*v + f + 209. What is the remainder when v is divided by x?
20
Let h be ((-4)/6)/((-1)/3). Suppose -10 = -h*i + m, 0*i + m = 4*i - 22. Let k = 5 + 11. What is the remainder when k is divided by i?
4
Let p = -1 - 0. Let y = p + 9. Calculate the remainder when y is divided by 3.
2
Calculate the remainder when 102 is divided by ((-3)/2)/(18/(-312)).
24
Let o = 14 + 3. Suppose -5*q + 70 - 10 = a, a = 0. Suppose 6 = 2*h - q. What is the remainder when o is divided by h?
8
Let n(z) = -48*z + 1. What is the remainder when 97 is divided by n(-1)?
48
Let s(w) = w**3 + w**2 - w - 1. Let l be (-3)/(-2)*(-7 + 5). Let h be s(l). Let b = h + 23. Calculate the remainder when 19 is divided by b.
5
Let c(s) = s**3 + 8*s**2 + 3*s + 2. Let j be (-16)/(-6)*9/(-4). Let k(a) = -3*a + 1. What is the remainder when c(-6) is divided by k(j)?
18
Suppose 0*m + 3*m - 93 = 0. Calculate the remainder when m is divided by 16.
15
Let o be (1 - -1) + 205/5. Let g = o + -31. What is the remainder when 34 is divided by g/9*(9 + 0)?
10
Calculate the remainder when -5 + (70 - (4 - 1)) is divided by 8.
6
Suppose -2*v - v = -54. Suppose -2*k + 2*q - 19 = -1, 4*q = k + 12. Let d(i) = i**2 + 6*i - 9. What is the remainder when v is divided by d(k)?
4
Let k(t) be the first derivative of t**2 + t - 3. What is the remainder when 34 is divided by k(4)?
7
Calculate the remainder when 21/3 - (-1 + 3/(-3)) is divided by 6.
3
Calculate the remainder when (7/(-2))/(-1)*14 is divided by 13.
10
Let d = -28 - -84. What is the remainder when d is divided by 20?
16
Let p = -2 + 15. Suppose 9*k + 4*k - 663 = 0. What is the remainder when k is divided by p?
12
Let k = -2 + 5. Suppose -21 = -k*s - 0. Calculate the remainder when 11 is divided by s.
4
Suppose 0 = -4*l - 4*h - 0*h + 4, -6 = -5*l - 4*h. Suppose l*f + 1 = 77. Calculate the remainder when f is divided by 13.
12
Suppose c = -2*c. Suppose -m + 3 + 19 = c. What is the remainder when 43 is divided by m?
21
Suppose 0 = -0*x + 3*x - 60. Suppose q + 3*q - x = 0. Suppose -5*c - 79 = -4*k, 0*c + c = q. Calculate the remainder when k is divided by 14.
12
Let a(z) = -z**2 - 9*z + 6. Calculate the remainder when 137 is divided by a(-7).
17
Calculate the remainder when 59 is divided by (-4)/7 - (-864)/42.
19
Let i = -29 - -45. What is the remainder when 2*(43/2 + 1) is divided by i?
13
Calculate the remainder when 43 + 0 - (0 - 0) is divided by 11.
10
Let g = 98 - 83. What is the remainder when 36 is divided by g?
6
Suppose 2*c + 1 = 5*y - 38, 0 = -y + 3*c + 13. Let h = 52 - 21. Suppose 29 = 5*w - h. What is the remainder when w is divided by y?
5
Calculate the remainder when (106/4 + -6)*(4 - 0) is divided by 12.
10
Suppose -3*x - 32 + 124 = 5*k, -5*k = -2*x + 78. Let c = -12 - -24. What is the remainder when x is divided by c?
10
Let u(w) = w**3 + 4*w**2 - 6*w + 4. Let n(t) be the second derivative of t**5/20 - t**4/12 + 8*t**2 - t. What is the remainder when n(0) is divided by u(-5)?
7
Let t = 25 - 15. Calculate the remainder when -1 + 19 + (-3 - -2) is divided by t.
7
What is the remainder when 66 is divided by ((-4320)/(-28))/9 - 2/14?
15
Suppose -3*d + 4*c = -52, 5*d + 2*c - 94 = 5*c. Suppose -f = -3*f - 3*q - d, 13 = -f - 3*q. What is the remainder when 1 is divided by (1/(-1))/(f - -6)?
0
Let b = 37 + -21. Let q = 3 + 13. Calculate the remainder when q is divided by ((-9)/12)/((-2)/b).
4
Let i(w) = -w**3 - 8*w**2 - 4*w - 6. Let c = -19 - -11. Let l = c + 22. What is the remainder when i(-8) is divided by l?
12
Let s = -4 - -8. Let j = 5 - s. What is the remainder when 37 is divided by -2 + 4 - j - -18?
18
Suppose -t - 50 = -2*t. Calculate the remainder when t is divided by 13.
11
Suppose 20 = 5*q + y, q = -3*q + 5*y + 16. Suppose 5*m - q - 6 = 0. What is the remainder when 3 is divided by m?
1
Suppose 4*b - 26 = 34. What is the remainder when 70 is divided by b?
10
Let o = 22 - 33. Let i = o + 23. What is the remainder when i is divided by 5?
2
Let c(p) be the third derivative of 5*p**4/24 + 2*p**3/3 + p**2. Let t be (-1)/(-2)*-6*-1. Calculate the remainder when 56 is divided by c(t).
18
Calculate the remainder when (-4 - -3) + 1 + 64 + -1 is divided by 22.
19
What is the remainder when (0 - -6)/(6/30) is divided by 11?
8
Suppose 0 = m - 21 + 6. Calculate the remainder when 41 is divided by m.
11
Suppose 2*d = d + 4*r + 97, -4*d - 5*r = -430. What is the remainder when d is divided by 27?
24
Let o = 30 + -28. What is the remainder when 12 is divided by o?
0
Let j(p) = 5*p + 8. Let g be j(-7). Let w(d) = -11*d**3 - d - 1. Calculate the remainder when 169/9 - 6/g is divided by w(-1).
8
Let h(w) = -4*w - 4. Let t be 204/4 + (-2)/1. Let o = t + -27. What is the remainder when o is divided by h(-3)?
6
Let t = 269 - 137. What is the remainder when 18 is divided